 of -11*q**6/720 + 3*q**5/40 - 3*q**4/8 + 3*q**2. Let l(r) be the second derivative of t(r). List the prime factors of l(-4).
53
Let o(y) = -y**3 - 21*y**2 + 59*y - 4. List the prime factors of o(-24).
2, 7, 11
Let m be 5/25 + (-802)/10. Let t = m + 120. What are the prime factors of t?
2, 5
Suppose 5*r + 261 = 2*r. Suppose -1508 = -6*m - 506. Let b = m + r. List the prime factors of b.
2, 5
Suppose -106 - 2 = -2*l. What are the prime factors of l?
2, 3
Suppose -3*d - 2 = -b, 0 = -5*d + 2 + 23. Let q be 63/(-27)*-9 + 6. Let v = b + q. What are the prime factors of v?
2, 11
Suppose 2*p = 3*p. Let s = -42 + 49. Suppose s*h - 5*h - 22 = p. List the prime factors of h.
11
Suppose -501 - 123 = -3*l. Let w = -82 + l. Suppose 0 = 4*m - 14 - w. List the prime factors of m.
5, 7
Suppose -2*v + 10 = 0, -5*j + 2*v = v - 325. Suppose 0 = -l - 3*z - j, 209 = -5*l + l - z. List the prime factors of l/6*4/(-1).
2, 17
Suppose -621 = -3*z + 42*j - 38*j, -2*j + 6 = 0. What are the prime factors of z?
211
Let t(a) = -207*a + 16 + 3*a**2 + 204*a + 10*a**2. What are the prime factors of t(3)?
2, 31
Let q be ((-96)/(-20) - 5)*-5. List the prime factors of (9/(-4))/(q/(-88)).
2, 3, 11
Suppose 1776 = 2*h + 6*h. Let g = 458 - h. List the prime factors of g.
2, 59
Suppose x - 4*x + 3*t = -30, -2*t + 20 = 2*x. Suppose 5*m = -0 + x. What are the prime factors of (5/m)/(4/8)?
5
Let v be 13 + -3 + 0 + 2. Let l be (85/34)/(2/v). Suppose -2*n = -25 + l. List the prime factors of n.
5
Suppose 18*r - 17*r = k + 681, -r - 4*k + 656 = 0. What are the prime factors of r?
2, 13
Let k = 210 + -110. Suppose 2*w + 67 = 71. Suppose -w*o + k = 3*o. What are the prime factors of o?
2, 5
Let z be (4/(-5))/((-1)/(-5)). Suppose -9*p + 14 = -7*p. Let a = p + z. List the prime factors of a.
3
What are the prime factors of (-15)/6 - -1 - (-20580)/120?
2, 5, 17
What are the prime factors of (-16)/6*-57*(6 - 0)?
2, 3, 19
Let u(o) = -o + 10. Let g be u(8). Let k be (g/(-6))/((-4)/(-12)). Let s(l) = 30*l**2 + 3*l + 2. List the prime factors of s(k).
29
Suppose 6*j = j + 15. Suppose j*k + t - 310 = 0, -2*t - t = k - 98. What are the prime factors of k?
2, 13
Let d = -422 - -715. List the prime factors of d.
293
Let q(g) = -g**2 - 6*g + 4. Let j be q(-6). Let s = 197 - 196. List the prime factors of 0 - (-36)/s - j.
2
Let p(s) = -s**3 - 7*s**2 - 7*s + 1. Let z be p(-5). Let m = z + 19. Suppose m*t - 149 = 4*q, -2*t - 4*q = 11 - 65. What are the prime factors of t?
29
Let m be 655/(-10) - (-4)/(-8). Let g = 139 + m. List the prime factors of g.
73
Let i be (-7)/(-35) - (-26)/(-5). Let k(y) = -12. Let j(w) = -w - 13. Let u(g) = i*j(g) + 6*k(g). What are the prime factors of u(7)?
2, 7
Suppose 0 = -2*s - 4*l + 894, 4*s - 1968 + 168 = 4*l. List the prime factors of s.
449
Let b(o) = 12*o**2 + 24*o + 78. List the prime factors of b(-14).
2, 3, 349
Let t = -25 - -39. Let g = t - 14. Suppose g = 2*s - 7*s + 55. What are the prime factors of s?
11
Let j = 92 + -47. Suppose 0 = 2*k + 9 - j. Suppose -3 - k = -n. List the prime factors of n.
3, 7
Let t be 3 - (-4)/((-8)/6). Suppose t = 5*i - 4*i - 30. List the prime factors of i.
2, 3, 5
Suppose 0 = -43*z + 16*z + 35775. What are the prime factors of z?
5, 53
Suppose 23*k - 17424 = 14*k. What are the prime factors of k?
2, 11
Suppose 2*n = 3*n + 4*r - 1653, 0 = -4*n - r + 6552. List the prime factors of n.
1637
Suppose 2*c + 180 = -4*j + 16, -c - 77 = -3*j. Let z = -28 - c. List the prime factors of z.
2, 13
Suppose -47866 - 63610 = -62*g. What are the prime factors of g?
2, 29, 31
Let g be (1 + 20)*108/14. Suppose 5*m - g = 58. What are the prime factors of m?
2, 11
Let j = 4 + -11. Let m be (-2)/2*(j - 6). Suppose 2*f - 123 = -m. List the prime factors of f.
5, 11
Let g = -34 + 36. What are the prime factors of (-1 + g)/((-2)/(-24))?
2, 3
Suppose 12*l = 3*l + 3321. What are the prime factors of l?
3, 41
Let r(g) be the third derivative of g**5/60 + g**4/4 - 7*g**3/2 - 10*g**2. What are the prime factors of r(-11)?
2, 17
Suppose 18 - 2 = 4*j. Suppose -5*p - m + 25 = 0, -2*p + 3*m + 7 = -3. Suppose 0 = 5*q - 15, j*r - p*q = -r + 280. What are the prime factors of r?
59
Let j(x) = -3*x - 13. Let t be j(-5). Let r = 76 + t. List the prime factors of r.
2, 3, 13
Let j(v) = -2*v**3 + 17*v**2 + 10*v + 17. What are the prime factors of j(9)?
2, 13
Let k be ((-3)/(-6))/((-2)/(-120)). Suppose 8*b - k = 3*b. Suppose 8 = 4*u + 5*r, 5*u + 5*r - b = 2*u. List the prime factors of u.
2
Suppose -13206 - 17614 = -10*p. List the prime factors of p.
2, 23, 67
Let n(y) = -y**3 - 16*y**2 + 7*y + 27. Let r be n(-15). List the prime factors of (-2)/((-6)/r*-1) - 0.
101
Let n(x) = -108*x - 21. What are the prime factors of n(-5)?
3, 173
Let l(o) = 57*o**2 + 14*o + 5. What are the prime factors of l(-4)?
3, 7, 41
Suppose -5*d - 31 = 2*t, 0 = -t - 4*d - 18 + 1. Let o(c) = c**2 - 3*c + 27. List the prime factors of o(t).
5, 47
Let p = -3 - -116. Let n = p + -51. Let c = n + -36. What are the prime factors of c?
2, 13
Let g = 357 - 144. List the prime factors of g.
3, 71
List the prime factors of (-3275)/(-3) - (-56)/(-21).
3, 11
Let y = -15 + 9. Let u = -22 - -20. Let j = u - y. What are the prime factors of j?
2
Let m(y) = -31*y + 76. What are the prime factors of m(-28)?
2, 59
Let v(x) = 11*x**2 + 16*x - 68. List the prime factors of v(7).
11, 53
Let h be -1*(0 + (-4 - -3)). Let m(c) = 3*c - 1. Let f be m(h). Suppose -3*q = -3*s + 45, -5*q + f*q = 15. List the prime factors of s.
2, 5
Let t(v) = 16*v - 7. Let b be t(2). Suppose 3*g + 5*a = 5*g - b, 4*g - 2*a = 90. List the prime factors of g.
5
Let v = 358 - 119. Suppose 3*p - 172 = v. What are the prime factors of p?
137
Let h(n) = -93*n - 59. List the prime factors of h(-8).
5, 137
Suppose 45 = 5*t - 5*b, -5*t + 2 = 5*b - 3. Suppose 332 = 4*z + t*p - 640, z = 5*p + 243. What are the prime factors of z?
3
Let s = 8788 - 2096. What are the prime factors of s?
2, 7, 239
Let y(w) = 39*w + 8. Let m(d) = 40*d + 7. Let a(n) = 6*m(n) - 5*y(n). What are the prime factors of a(2)?
2, 23
Let t(f) = 5*f**3 - f**2 + 3*f - 3. Let i(n) = -9*n**3 + 2*n**2 - 7*n + 5. Let d(m) = 6*i(m) + 11*t(m). List the prime factors of d(-3).
2, 3
Suppose -55*q + 59*q = 8380. Suppose 421 - q = -18*z. List the prime factors of z.
3, 31
Let o = 177 - -553. Suppose 5*b - 1297 = -3*r, 2*r + 52 = 3*b - o. What are the prime factors of b?
2, 5, 13
Let u(a) = a + 16. Let h be u(-13). Suppose -4*z = 5*v - 388, z + 2*v = -h*z + 388. List the prime factors of z.
97
Suppose -f = 5*u - 0*u - 328, -12 = -3*u. Suppose 2*g - 4*p = f, -6*g + 815 = -g + 5*p. List the prime factors of g.
2, 5
What are the prime factors of (-24)/60 - 38982/(-30)?
3, 433
Let s be (196/20 + -2)/(2/50). Suppose 5*g - 283 = -b + s, 0 = -5*g + b + 472. What are the prime factors of g?
5, 19
Suppose 2*a = -j + 334, -46*a + 43*a - 2*j = -499. What are the prime factors of a?
13
Suppose 58 + 168 = 4*b - 2*q, -2*b = -4*q - 122. List the prime factors of b.
5, 11
Let t(j) = -7*j + 1. Let o be t(-2). Let q = o + -3. What are the prime factors of q?
2, 3
Suppose 3*h - 2*y - 1361 = -3*y, -5*y = -h + 475. List the prime factors of h.
5, 7, 13
Let u(z) = 5*z**2 + 4*z - z + 6 - 2*z. What are the prime factors of u(-5)?
2, 3, 7
Let j(r) = 99*r - 65. List the prime factors of j(5).
2, 5, 43
Let t(g) = g**3 - 5*g**2 - 4*g + 15. Let a be t(5). What are the prime factors of a + 2 + 405/3?
2, 3, 11
Suppose 24 + 10 = 5*l + r, 5*l - 37 = 2*r. Let p(q) = 4*q**2 - 10*q + 2*q**2 - 4*q**2 + 10. List the prime factors of p(l).
2, 19
Suppose 3*p - 1560 = 474. Suppose 5*b + 2*d = -2*d + p, -2*d = 6. What are the prime factors of b?
2, 3, 23
Let j(w) = -499*w - 265. What are the prime factors of j(-8)?
3727
Let s(n) = -2*n**3 + 12*n**2 - 12*n + 8. Let i(h) = 3*h**3 - 23*h**2 + 24*h - 13. Let d(f) = -3*i(f) - 5*s(f). Let g = -9 - 1. List the prime factors of d(g).
19
Let b(p) = 3 - 2*p + p + 0 - 5*p. List the prime factors of b(-6).
3, 13
Suppose -12*b = -22*b + 22820. What are the prime factors of b?
2, 7, 163
Suppose 1924 = 2*i + 266. What are the prime factors of i?
829
Let u = 972 - 605. What are the prime factors of u?
367
Let g = 398 + -179. List the prime factors of g.
3, 73
List the prime factors of (-10683)/(-27) +